ulate r(-8).
12
Let w(z) = z**3 - 13*z**2 + 9*z - 15. Calculate w(12).
-51
Let h(d) = d + 89. Calculate h(-28).
61
Let r(v) = 423*v - 5. Calculate r(0).
-5
Let r(y) = 45*y**3 + y**2 + 11*y + 13. What is r(-1)?
-42
Let m(f) = -690*f + 15171. Calculate m(22).
-9
Let w(k) = -7*k**2 - 57*k - 7. Calculate w(-8).
1
Let c(y) = 935*y + 2809. What is c(-3)?
4
Let z(a) = -3*a**3 + 91*a**2 - 30*a + 32. Give z(30).
32
Let l(j) = -5*j**2 - 8*j + 3. Calculate l(-5).
-82
Let t(x) = -64*x + 119. Determine t(2).
-9
Let x(m) = 202*m**2 - 2030*m + 17. Calculate x(10).
-83
Let i(p) = -3*p**3 - 17*p**2 - 411*p - 2508. Determine i(-6).
-6
Let d(s) = -129*s - 815. Determine d(-7).
88
Let w(a) = 270*a + 7556. Determine w(-28).
-4
Let g(b) = -3*b**3 + 185*b**2 - 115*b - 426. Give g(61).
1
Let f(v) = 80*v - 2665. Determine f(37).
295
Let u(q) = 3*q - 32. What is u(-9)?
-59
Let j(h) = 8*h + 224. Calculate j(-5).
184
Let g(z) = -184*z + 3309. Calculate g(18).
-3
Let z(k) = 2*k**2 + 1570*k - 6280. Determine z(4).
32
Let q(f) = -f**3 + 4*f**2 + 15*f - 11. Calculate q(-5).
139
Let k(g) = 2*g**2 - 104*g + 186. What is k(49)?
-108
Let k(z) = z**2 + 20*z + 106. Give k(-5).
31
Let y(o) = -69*o - 2241. Calculate y(-25).
-516
Let u(s) = -2*s**3 - 3*s**2 - 2*s - 15. Determine u(-3).
18
Let s(r) = r**2 + 36*r - 2178. Give s(32).
-2
Let v(x) = -103*x + 13067. Give v(127).
-14
Let h(f) = f**3 - 17*f**2 + 11*f + 80. Give h(16).
0
Let f(s) = -139*s + 21819. Calculate f(157).
-4
Let q(m) = -12*m**3 + 14*m**2 - 15*m. Determine q(1).
-13
Let t(c) = 8*c**3 + 160*c**2 + 2*c. Give t(-20).
-40
Let m(t) = -2*t**3 - 23*t**2 + 64*t + 320. Determine m(-13).
-5
Let d(l) = 179*l + 4066. Determine d(-23).
-51
Let w(v) = 20*v**2 + 427*v + 142. What is w(-21)?
-5
Let c(t) = 2*t**3 + 55*t**2 - 25*t + 45. Give c(-28).
-39
Let h(u) = 87*u + 5470. Give h(-63).
-11
Let x(r) = 201*r - 5814. Calculate x(29).
15
Let c(t) = 47*t**2 + 1738*t - 28. Calculate c(-37).
9
Let c(w) = -15*w + 218. Give c(-7).
323
Let p(u) = -u**3 + 22*u**2 - 9*u - 64. Determine p(21).
188
Let i(l) = -188*l - 814. Determine i(-3).
-250
Let d(i) = 16*i**3 - 74*i**2 + 11*i - 8. Give d(4).
-124
Let b(y) = -11*y**2 + 92*y + 15. Calculate b(4).
207
Let r(h) = -h + 21. Determine r(20).
1
Let p(q) = -2*q**3 - 11*q**2 + 7*q + 4. What is p(-6)?
-2
Let z(n) = 55*n - 186. Determine z(7).
199
Let n(f) = -23*f + 316. Determine n(13).
17
Let q(p) = -p**3 - 3*p**2 + 13*p - 11. Determine q(-5).
-26
Let j(v) = v**2 - 4*v - 6. Calculate j(6).
6
Let h(p) = -p**3 + 49*p**2 + 271*p - 60. What is h(54)?
-6
Let h(g) = -g**3 + 20*g**2 - 55*g + 50. Calculate h(17).
-18
Let o(y) = -y**3 + 31*y**2 - 130*y - 116. Give o(26).
-116
Let v(b) = -10*b**2 + 255*b + 400. Determine v(27).
-5
Let w(a) = 15137*a - 15150. Determine w(1).
-13
Let n(x) = -446*x - 879. What is n(-2)?
13
Let x(b) = 9*b**2 + 10*b - 19. Determine x(-5).
156
Let a(z) = -12*z**2 + 165*z - 115. Calculate a(13).
2
Let p(s) = -864*s**3 - 5*s**2 + 5. Determine p(1).
-864
Let r(u) = 1656*u + 26504. Determine r(-16).
8
Let a(q) = 69*q + 75. Determine a(3).
282
Let u(p) = p**3 - 21*p**2 - 23*p + 61. Determine u(22).
39
Let b(p) = -12*p**2 + 60*p + 123. What is b(-2)?
-45
Let g(h) = 2*h**2 - 43*h - 905. Give g(-16).
295
Let u(b) = -18*b**2 - 38*b - 190. What is u(-7)?
-806
Let p(s) = 4*s - 117. Calculate p(-14).
-173
Let n(u) = -60*u**2 + 7*u - 6. Determine n(1).
-59
Let j(u) = 800*u - 782. Calculate j(1).
18
Let a(f) = f**3 + 5*f**2 + 91*f + 709. Determine a(-7).
-26
Let d(m) = 182*m + 2892. Determine d(-16).
-20
Let i(y) = 2*y**3 - 112*y**2 + 12*y - 678. Determine i(56).
-6
Let z(p) = -p**3 - 37*p**2 - 101*p + 3. Calculate z(-3).
0
Let g(x) = 88*x - 159. Give g(5).
281
Let y(s) = -s**2 - 5140*s - 30800. Determine y(-6).
4
Let n(c) = -c**3 - 41*c**2 + 88*c + 93. What is n(-43)?
7
Let i(b) = b**3 - 20*b**2 - 685*b + 32. Determine i(38).
-6
Let h(t) = -t**3 + 26*t**2 - 4*t + 146. Give h(26).
42
Let o(b) = 16*b**3 + 11*b**2 + 13*b + 3. Give o(-1).
-15
Let k(q) = q**3 - 10*q**2 - 9*q + 143. Determine k(11).
165
Let j(b) = -945*b - 6601. Determine j(-7).
14
Let m(f) = 50*f + 1282. Calculate m(-21).
232
Let v(z) = -z**2 - 4402*z + 35267. Determine v(8).
-13
Let d(o) = -3*o**3 - 124*o**2 - 38*o + 115. Give d(-41).
-8
Let a(u) = -u**3 + 2*u**2 + 27*u - 72. Determine a(4).
4
Let o(q) = 171*q**2 - 18*q + 4. Calculate o(1).
157
Let b(u) = -3*u**2 + 12*u + 68. Calculate b(-2).
32
Let o(d) = -4660*d - 55991. What is o(-12)?
-71
Let u(k) = -51*k + 25. What is u(-3)?
178
Let l(i) = -22*i**2 + 13*i - 9. What is l(1)?
-18
Let m(n) = -n**3 - 48*n**2 + 82*n + 1623. Determine m(-49).
6
Let f(r) = r**2 + 549*r - 6725. Give f(12).
7
Let w(r) = r**2 - 15*r - 87. Give w(-7).
67
Let m(y) = 97*y + 5921. What is m(-61)?
4
Let w(z) = -z + 70. Give w(16).
54
Let c(m) = m**3 + 28*m**2 - 117*m - 54. Determine c(-32).
-406
Let j(q) = -32*q + 217. Determine j(5).
57
Let b(f) = -3*f**3 + 22*f**2 - 157*f + 14. Calculate b(6).
-784
Let z(k) = k**3 - 8*k**2 - 36*k + 200. Calculate z(8).
-88
Let b(d) = -6*d - 216. Determine b(-59).
138
Let n(j) = 30*j**3 + 13*j**2 - 33*j + 17. Determine n(3).
845
Let g(h) = -175*h + 5074. Calculate g(29).
-1
Let r(t) = 4*t**3 - 4*t**2 + 8*t - 8. Calculate r(0).
-8
Let o(a) = 107*a + 709. Calculate o(-7).
-40
Let g(u) = -u**3 - 5*u**2 - 15*u - 44. What is g(-4)?
0
Let s(n) = 19*n**2 - 452*n + 298. Determine s(23).
-47
Let l(q) = 4*q**2 + 259*q + 910. Calculate l(-61).
-5
Let r(h) = 3*h**2 - 32*h + 3. Give r(7).
-74
Let d(f) = -35*f + 410. Calculate d(22).
-360
Let k(v) = 2*v**3 - 103*v**2 + 47*v + 138. Determine k(51).
-66
Let q(h) = -h**3 + 17*h**2 - 59*h - 80. Determine q(11).
-3
Let u(r) = -32*r**2 - 10678*r - 7329. Give u(-333).
-3
Let u(o) = 10*o**2 + 25*o - 97. Determine u(4).
163
Let a(z) = -30*z - 334. What is a(-8)?
-94
Let g(c) = c**3 - 25*c**2 - 178*c - 210. Determine g(31).
38
Let v(p) = 4*p**2 + 2*p - 271. Calculate v(8).
1
Let x(d) = -7*d**2 + 121*d - 352. Calculate x(3).
-52
Let u(j) = j**3 - 23*j**2 + 30*j - 93. Calculate u(22).
83
Let d(o) = -68*o - 10. What is d(1)?
-78
Let i(c) = -105*c + 229. Calculate i(2).
19
Let k(y) = -3*y**3 - 41*y**2 + 118*y + 93. What is k(-16)?
-3
Let r(c) = c**3 - 2*c**2 - 37*c - 39. Determine r(-4).
13
Let g(f) = -7*f**2 + 104*f - 301. Give g(4).
3
Let p(q) = -5*q**2 + 42*q - 20. Determine p(8).
-4
Let w(u) = 152*u - 1562. Calculate w(10).
-42
Let o(j) = -3*j**3 + 48*j**2 - 77*j + 50. Give o(14).
148
Let q(g) = -706*g + 2135. Give q(3).
17
Let a(q) = 27*q**3 + 6*q**2 - 49*q - 56. What is a(-1)?
-28
Let t(h) = 8*h**2 - 25*h + 53. What is t(-5)?
378
Let o(r) = 5*r**3 + 234*r**2 - 49*r - 111. Calculate o(-47).
-17
Let y(m) = -6*m - 154. Give y(-21).
-28
Let f(h) = -h**3 + 13*h**2 + 18*h + 440. Give f(16).
-40
Let b(w) = w**3 + 33*w**2 - 191*w - 44. Determine b(-38).
-6
Let a(x) = 1880*x - 63912. Determine a(34).
8
Let d(h) = -207*h - 19. Give d(-6).
1223
Let t(u) = -u**3 + 20*u**2 + u + 74. What is t(20)?
94
Let a(t) = -14*t**3 + t**2 - 8*t + 37. What is a(3)?
-356
Let b(m) = 162*m + 287. What is b(3)?
773
Let b(v) = -5*v + 410. Give b(83).
-5
Let l(g) = g**3 - 16*g**2 + 10*g + 39. Calculate l(15).
-36
Let o(k) = -k**3 - 16*k**2 + 30*k + 145. Give o(-18).
253
Let w(v) = -v**2 + v + 174. Give w(-14).
-36
Let r(d) = 4*d**2 - 96*d + 8. What is r(22)?
-168
Let s(t) = 110*t + 145. What is s(-1)?
35
Let d(o) = 191*o + 711. What is d(-3)?
138
Let o(r) = -r**2 - 8*r + 1075. Give o(29).
2
Let v(t) = -t**3 + 21*t**2 - 10*t - 251. Give v(20).
-51
Let l(p) = p**2 - 35*p - 2502. Calculate l(70).
-52
Let a(r) = 3*r**2 + 165*r + 149. Give a(-54).
-13
Let j(u) = 91*u + 143. Determine j(-2).
-39
Let r(y) = 803*y + 3891. Give r(-5).
-124
Let w(d) = 35212*d + 281695. Calculate w(-8).
-1
Let t(s) = -1278*s + 11503. What is t(9)?
1
Let h(g) = -2*g**2 - 39*g - 78. Determine h(-2).
-8
Let t(j) = j**3 + 54*j**2 + j - 63. Give t(-54).
-117
Let j(k) = -4*k**3 + 7*k**2 + 12*k - 10. Calculate j(3).
-19
Let l(r) = -70*r + 30. Give l(-1).
100
Let j(k) = -224*k + 5. Calculate j(0).
5
Let a(f) = f**3 - 43*f**2 + 42*f - 20. What is a(42)?
-20
Let r(s) = -s**3 - 28*s**2 - 219*s - 516. What is r(-6)?
6
Let p(i) = 3*i**2 + 7*i + 26. What is p(-2)?
24
Let z(w) = -1227*w - 12298. Determine z(-10).
-